.
2, 3, 5
Let q be (-2)/(-13) - 4132/(-13). Let d = q - 126. Suppose -2*b + d = 2*a, a - 192 = -a + 2*b. What are the prime factors of a?
2, 3
Let g be 4/(-14) - (-45890)/91. Let p = g + -247. What are the prime factors of p?
257
Suppose 4*v - 2 = 3*v + 3*f, 0 = -3*v - 4*f + 6. Suppose -11 - 4 = -5*z. Suppose -5*p = -v*x + 384, -6*p + z*p - 192 = -x. What are the prime factors of x?
2, 3
Let f(x) be the second derivative of x**5/20 - x**4/3 - 4*x**3/3 - 3*x**2 + 2*x. Let t be (-2 - -3)/((-11)/(-77)). What are the prime factors of f(t)?
5, 17
Let x be (3/(-4))/((-60)/160). Let t(b) = 22*b - 2. Let m be t(3). Suppose -m = -10*r + x*r. What are the prime factors of r?
2
Let f = 26 + -24. Suppose -4*g = -5*j + f*j + 5, -j + 2 = -g. Suppose p - 128 = -3*h - 3*p, -114 = -j*h + 3*p. List the prime factors of h.
2, 5
Suppose -11*r = -16 - 17. Suppose -s + 290 = r*u, -u + 8*s + 118 = 3*s. What are the prime factors of u?
2, 7
Let l(b) = -b**3 + 6*b**2 + 5*b + 5. Let n be l(6). Let g = -30 + n. Suppose g*p - p - 284 = 0. List the prime factors of p.
71
Suppose 14 - 21 = -7*m. What are the prime factors of 142 + 4/1 + m + -3?
2, 3
Suppose -q - q = -8, 4030 = h + 2*q. Let p = h - 2615. What are the prime factors of p?
3, 7, 67
Let u(h) = 100*h**2 + 240*h + 4231. List the prime factors of u(-17).
11, 19, 139
Let h(w) = 75*w**2 + 188*w - 223. What are the prime factors of h(6)?
5, 7, 103
Suppose 11 = 4*q + z, -3*z = 2*q - q - 11. Let p be q + -72 - 5 - (-1 + -2). Let c = -41 - p. List the prime factors of c.
31
Let f be ((-21)/(-6))/((-3)/(-6))*1. Suppose -2*x = -f*x + 500. List the prime factors of x.
2, 5
Suppose -a + 5*y = 24, -2*a + 7*y = 2*y + 23. Let c(r) = -3*r**2 + 3*r - 2. Let h be c(a). What are the prime factors of (-1710)/(-85) + h/17?
2, 5
Suppose 3*i + 4*o - 4 = 0, -i - 2 + 3 = o. What are the prime factors of (-1 - i)/(43/(-8342))?
2, 97
Suppose 2*w + 12*v = 15*v + 677, -w = -2*v - 341. Let h = w - -141. What are the prime factors of h?
2, 59
Let r = 12098 - 8497. List the prime factors of r.
13, 277
Let j = 130349 + -78412. What are the prime factors of j?
167, 311
Suppose -10*u = -7*u - 204. Let d = u - -42. Suppose 5*v - 76 = 3*j + 59, 3*v - d = -4*j. List the prime factors of v.
2, 3, 5
What are the prime factors of 2835/10 - 3 - (4 - (-33)/(-6))?
2, 3, 47
What are the prime factors of (63/(-27))/(17/(-81753))?
7, 229
Let o = -8342 - -12715. What are the prime factors of o?
4373
Let x = -1068 + 760. Let u = -63 - x. Let j = u - 152. What are the prime factors of j?
3, 31
Let o be (-210)/18*(-6)/5. What are the prime factors of 12683/77 - (-1 + 10/o)?
3, 5, 11
Suppose -2*c + 5*c + 4205 = -5*x, -4*c = 4*x + 3356. Let t = -398 - x. What are the prime factors of t?
2, 223
What are the prime factors of (6693 - 6) + (-5)/(-5 + (-245)/(-42))?
3, 17, 131
Suppose 5*i = t + 25, -4*t - 5 = -5*i + t. Let r be (2 - 16/i)/(4/(-12)). What are the prime factors of 1 - r - (7 - 68)?
2, 3, 5
Let i(c) = 9*c**3 - 5*c**2 + 3*c - 9. Let d(o) = -o**3 - 6*o**2 + 16*o + 4. Let s be d(-8). List the prime factors of i(s).
499
Suppose u - 3*v + 27 = 4*u, 2*v = 3*u - 2. Suppose -u*f + 55 + 39 = -5*i, -i + f = 19. What are the prime factors of (-908)/(-36) - (-4)/i?
5
Let l(z) = 7*z + 37. Let p(j) = -3*j - 19. Let k(a) = 6*l(a) + 11*p(a). Let v(m) = -18*m - 27. Let w(c) = 5*k(c) + 2*v(c). What are the prime factors of w(4)?
47
Suppose -3*t - 2*c = 3*c + 149, 0 = -3*c + 15. Let q = t + -4. Let u = q + 166. List the prime factors of u.
2, 13
Let w(l) = 77*l - 6. Let r be w(4). Let m be (r/(-8))/(8/(-32)) - -3. Suppose b - 4*v = -7 + m, 153 = b + 2*v. What are the prime factors of b?
151
What are the prime factors of (6/9)/(86/449307)?
3, 43
Let t = -93 + 53. Let o be (-5211)/(-24) + 5/t. Let d = o - 142. What are the prime factors of d?
3, 5
Let a = -250 + 480. Let l = 759 + a. List the prime factors of l.
23, 43
Let d = -5067 - -7526. List the prime factors of d.
2459
Let j(o) = -o**3 - 22*o**2 + 23*o - 2. Let d be j(-23). What are the prime factors of 7/d*(-96)/(-168) - -138?
2, 17
Suppose 3*q + 317 = -460. Suppose 2*b - 3*u + 379 = 17, -3*b + 2*u = 538. Let j = b - q. What are the prime factors of j?
3
Suppose 28*r - 1875002 = -515966. What are the prime factors of r?
3, 5393
Suppose -2*c - 4*h + 42 = 0, 3*h = -3*c + c + 37. Suppose -10*j + 210 = -c*j. What are the prime factors of j/(-3) + (-2 - 0)?
2, 17
Suppose -8875666 = -225*s - 337*s. What are the prime factors of s?
17, 929
Let x = 124470 - 64090. List the prime factors of x.
2, 5, 3019
Suppose -9*d + 2244 = 3*d. Let j = 592 - d. What are the prime factors of j?
3, 5
Let y(c) = 36*c + 151. Let g be ((-111)/(-9) + -1)*(-42)/(-28). List the prime factors of y(g).
7, 109
Let a(r) = 1510*r**2 - 2*r + 2. Let v(c) = c + 2. Let s be v(-1). Let k be a(s). Suppose 0*g + k = 10*g. List the prime factors of g.
151
Let d(o) = -37*o + 27. Let x be d(-19). Suppose 4*i + x = 14*i. What are the prime factors of i?
73
Let n = 2 + -2. Let g(z) = -z**3 + 8*z**2 - 41*z + 263. Let i be g(6). Suppose q - 110 - i = n. What are the prime factors of q?
199
Let x(s) = -s**3 - 20*s**2 + 14*s + 36. Let w be x(-22). Suppose 0 = -5*o - 3*c + 2761 - w, -o + 425 = 3*c. What are the prime factors of o?
2, 5, 41
Suppose -5*j - 17751 = -3*y, -2*y + 564*j - 569*j = -11809. What are the prime factors of y?
2, 739
Suppose -18 = -5*r - 23. What are the prime factors of (7 - 13)*(-20 - r)?
2, 3, 19
Let o(t) = 30*t**2 + 93*t + 843. List the prime factors of o(-13).
2, 3, 7
Suppose 4*c - 22 = -n, 0 = -3*n + 15*c - 14*c + 1. Suppose -n*q + 3*j + 889 = 0, 5*q = 8*j - 7*j + 2255. What are the prime factors of q?
2, 113
Let h(s) be the second derivative of s**5/20 + s**4/12 - 14*s**3/3 + 20*s**2 - 178*s. List the prime factors of h(9).
2, 13, 23
Let r(l) = 3*l - 1. Let d(t) = -t**3 - 8*t**2 - 13*t - 5. Let s be d(-6). Suppose -8 = -p - s. What are the prime factors of r(p)?
2, 5
Suppose -3*y + 4*y - 20 = -5*l, 2*y + 5 = -l. What are the prime factors of (368 + 3)*(-4 - y)?
7, 53
Let j = -16813 - -25625. What are the prime factors of j?
2, 2203
Let s be 244/(-24)*-4*3/(-2). Let y = s - -73. Suppose -450 = -y*c + 90. What are the prime factors of c?
3, 5
Suppose -5*z = z - 234. Suppose 3*f = -3*o - 45, 3*f - 5*o = -2*o - z. Let p(g) = g**3 + 14*g**2 + 20. List the prime factors of p(f).
2, 5
Let a = -12547 - -29142. What are the prime factors of a?
5, 3319
Suppose -2*y = 2*y - 56. Suppose 2*k - 48 = y. Let w = k + 37. What are the prime factors of w?
2, 17
Suppose -3*z - 247921 = -4*f, 80*z + 61996 = f + 81*z. List the prime factors of f.
61987
Let z(u) = 4*u**3 + 4*u**2 - u - 4. Suppose -2*a = -5*p + 48, -40 = -2*p - p + 4*a. Suppose -p = -46*j + 42*j. What are the prime factors of z(j)?
2, 3, 7
Let k(h) be the third derivative of -27*h**2 + 0 + 11/6*h**3 + 7/12*h**4 - 1/120*h**6 - 7/60*h**5 + 0*h. What are the prime factors of k(-9)?
47
Let a = -1138 + 1653. Let f = a + 64. What are the prime factors of f?
3, 193
Let j(s) = 14*s**3 + 16*s**2 + 33*s - 29. What are the prime factors of j(10)?
15901
Suppose -3*x + 5*w = -880, 288 = 2*x + 3*w - 267. Let j = 52 + x. List the prime factors of j.
337
Let q(m) = -7*m**3 + 34*m**3 - 7*m - 11*m**3 - m**2 + 15. What are the prime factors of q(3)?
3, 139
Let v(i) = 68*i - 1292. What are the prime factors of v(30)?
2, 11, 17
Let m(w) = -7*w - 7. Suppose 9 = 3*y - 2*y. Let o be ((-50)/15)/(3/y). List the prime factors of m(o).
3, 7
Suppose -5*y = 3*j - 92, 5*y - j + 5*j = 96. Suppose -3090 - 1710 = -y*q. List the prime factors of q.
2, 3, 5
Let b = 2657 - 1505. Let y = -455 + b. What are the prime factors of y?
17, 41
Let y(z) = -11801*z - 3842. List the prime factors of y(-2).
2, 5, 13, 19
Let k be 0 + (-1 - 0) - -1. Suppose -57343 - 179797 = -334*s. Suppose 7*l - 12*l + s = k. What are the prime factors of l?
2, 71
Let z = 4916 - 7543. Let d be (-1)/(-4) - z/4. List the prime factors of (d/(-27))/((-1)/3 + 0).
73
What are the prime factors of ((-5)/(-10))/(8/48) + 5508?
3, 11, 167
Let w = -174 + 220. Let n = w - -118. What are the prime factors of n?
2, 41
Suppose -50*w + 325580 + 637444 = 153174. List the prime factors of w.
3, 5399
Let g = -15 + -60. Suppose 0 = -710*i + 712*i + 188. Let l = g - i. List the pr